 composite?
False
Is 2744731 prime?
False
Is 16996205 a prime number?
False
Is 32221858 a prime number?
False
Is 225427697 a composite number?
True
Is 15212551 composite?
True
Is 32085607 prime?
False
Is 4657841 composite?
True
Is 76644851 composite?
True
Is 187771105 a prime number?
False
Is 5547743 composite?
True
Is 695737 composite?
True
Is 31683689 a composite number?
True
Is 10418311 prime?
True
Is 7091813 a composite number?
False
Is 85694593 a composite number?
False
Is 10161703 prime?
True
Is 3875869 composite?
False
Is 37091545 composite?
True
Is 14678339 composite?
True
Is 460685051 prime?
False
Is 9275753 a composite number?
False
Is 48139459 a composite number?
False
Is 4171687 a prime number?
False
Is 7274635 composite?
True
Is 243292403 composite?
True
Is 76799893 prime?
False
Is 3707689 prime?
False
Is 2315191 a prime number?
False
Is 308737207 composite?
True
Is 360223 a prime number?
True
Is 2993799 prime?
False
Is 786151 prime?
True
Is 90052451 prime?
False
Is 580577 a prime number?
True
Is 111182429 composite?
True
Is 1492499 prime?
True
Is 555229 a prime number?
False
Is 31059421 a prime number?
True
Is 749297 prime?
True
Is 16686017 a prime number?
False
Is 97008979 prime?
True
Is 37661485 composite?
True
Is 862301939 composite?
False
Is 4345397 prime?
False
Is 9088743 composite?
True
Is 86114201 a prime number?
False
Is 9202937 a prime number?
True
Is 286205558 composite?
True
Is 39650521 a prime number?
True
Is 3522479 prime?
True
Is 30387553 prime?
False
Is 335267462 prime?
False
Is 14702795 a composite number?
True
Is 3372113 a composite number?
True
Is 2171423 composite?
True
Is 315307 a prime number?
False
Is 81845923 composite?
False
Is 38395667 prime?
True
Is 2759167 a composite number?
False
Is 16099819 a prime number?
False
Is 1752716347 a prime number?
False
Is 30797051 composite?
False
Is 1513703 prime?
False
Is 12391465 prime?
False
Is 632881 composite?
False
Is 4663 prime?
True
Is 909361 a prime number?
False
Is 124326299 a composite number?
True
Is 2281289 composite?
True
Is 331873 a composite number?
True
Is 516266501 a composite number?
True
Is 293009243 a composite number?
True
Is 17823907 a composite number?
False
Is 3664357 composite?
True
Is 7557115 composite?
True
Is 2263237 composite?
False
Is 10682417 a composite number?
False
Is 2608631 a composite number?
False
Is 5140117 a composite number?
False
Is 12398021 prime?
False
Is 34670561 prime?
True
Is 3683 composite?
True
Is 310558561 a composite number?
True
Is 285937 a composite number?
False
Is 22598437 prime?
False
Is 3793289 a prime number?
True
Is 1779499 prime?
False
Is 8044013 a composite number?
False
Is 299125703 composite?
False
Is 4443787 prime?
False
Is 2267483 prime?
True
Is 16441339 composite?
False
Is 4935919 a prime number?
True
Is 125065085 prime?
False
Is 56215189 a prime number?
True
Is 18148443 prime?
False
Is 2633987 a composite number?
False
Is 666943 prime?
False
Is 32416427 a prime number?
False
Is 81404321 prime?
True
Is 146618539 prime?
True
Is 11937649 a prime number?
True
Is 1908861 a prime number?
False
Is 46599559 a prime number?
True
Is 124868571 a composite number?
True
Is 2310277 prime?
True
Is 24014909 a composite number?
False
Is 1688249 a prime number?
False
Is 277892963 a composite number?
True
Is 4892687 a prime number?
True
Is 372107 prime?
True
Is 11997277 composite?
False
Is 2824373 a composite number?
False
Is 9376987 a composite number?
True
Is 17641847 a composite number?
True
Is 10053551 prime?
False
Is 41504407 prime?
False
Is 321286417 a composite number?
True
Is 1073191 composite?
True
Is 13979815 a prime number?
False
Is 156851083 a composite number?
True
Is 4598371 a prime number?
True
Is 11926967 prime?
False
Is 6194338 prime?
False
Is 5103479 a composite number?
True
Is 77887751 prime?
True
Is 8127919 composite?
False
Is 24091093 composite?
True
Is 145395457 a prime number?
True
Is 3938197 composite?
False
Is 112217177 a composite number?
False
Is 207136447 a composite number?
True
Is 50178637 a composite number?
False
Is 6889703 prime?
True
Is 4239013 a composite number?
False
Is 4468403 composite?
True
Is 1794893 prime?
True
Is 4424093 a prime number?
False
Is 7100579 a composite number?
False
Is 131446961 prime?
True
Is 215292601 composite?
False
Is 44260223 a composite number?
True
Is 10554031 composite?
True
Is 543295079 prime?
True
Is 91406063 composite?
True
Is 8428973 a composite number?
True
Is 205092709 prime?
False
Is 42257 composite?
False
Is 77493443 a composite number?
True
Is 4835377 composite?
True
Is 7339251 composite?
True
Is 2847671 prime?
True
Is 1907123 a composite number?
False
Is 2031545 composite?
True
Is 1546553 composite?
True
Is 1176869 composite?
False
Is 61596343 composite?
False
Is 11053007 a composite number?
True
Is 17446309 a prime number?
True
Is 10012559 composite?
False
Is 68529017 prime?
True
Is 10066871 prime?
False
Is 16354181 a composite number?
True
Is 25954573 prime?
True
Is 5991197 a prime number?
False
Is 78945989 a prime number?
True
Is 1056203 a composite number?
False
Is 31362941 a composite number?
False
Is 152715161 prime?
True
Is 602059 prime?
False
Is 921611 composite?
False
Is 15283517 a prime number?
True
Is 1202057 a prime number?
True
Is 57663374 a composite number?
True
Is 698171 prime?
True
Is 52696442 composite?
True
Is 164151461 a composite number?
False
Is 32742487 prime?
True
Is 39959923 prime?
True
Is 17533189 a prime number?
True
Is 96980333 a prime number?
True
Is 382172523 prime?
False
Is 395 a composite number?
True
Is 17673611 a composite number?
False
Is 2094257 a prime number?
False
Is 3085487 a prime number?
True
Is 2103539 prime?
False
Is 28534853 a composite number?
False
Is 17766663 prime?
False
Is 3381401 a prime number?
True
Is 108255299 a prime number?
True
Is 3782131 composite?
True
Is 2707889 a composite number?
True
Is 327065 composite?
True
Is 36791567 a composite number?
True
Is 11208913 a composite number?
False
Is 2069677 composite?
True
Is 9471634 prime?
False
Is 176373283 a prime number?
False
Is 9907567 composite?
False
Is 523046 a composite number?
True
Is 5928499 a composite number?
True
Is 1288159179 composite?
True
Is 19441931 composite?
True
Is 45044191 a composite number?
False
Is 646099 a prime number?
True
Is 103661 prime?
False
Is 84149263 prime?
False
Is 39612467 a composite number?
True
Is 85665709 a composite number?
False
Is 38146421 prime?
True
Is 372901 a prime number?
True
Is 2715695 prime?
False
Is 665647 composite?
True
Is 12078853 a composite number?
False
Is 46989857 a prime number?
True
Is 122086669 prime?
False
Is 6594899 a composite number?
True
Is 80913889 a prime number?
False
Is 59749181 composite?
False
Is 13059311 composite?
False
Is 17178191 composite?
False
Is 4083059 prime?
True
Is 249313429 a composite number?
False
Is 6983497 a composite number?
False
Is 86146301 composite?
False
Is 46596387 prime?
False
Is 173503 composite?
True
Is 28837537 composite?
True
Is 156757 a composite number?
True
Is 46211567 a composite number?
True
Is 9783617 a composite number?
True
Is 14657051 a prime number?
True
Is 39297047 a prime number?
False
Is 6359531 prime?
True
Is 23578249 prime?
False
Is 59096371 a prime number?
False
Is 1214699081 composite?
False
Is 28582381 prime?
True
Is 37582063 a prime number?
True
Is 4797851 composite?
False
Is 17733602 prime?
False
Is 416793683 prime?
False
Is 2950499 a prime number?
True
Is 151263793 prime?
False
Is 17167991 prime?
False
Is 57395521 prime?
False
Is 1602379 composite?
False
Is 66237527 prime?
True
Is 880888069 composite?
False
Is 412259 prime?
False
Is 10011163 composite?
False
Is 21118841 a composite number?
False
Is 263978699 a prime number?
True
Is 92969 a prime number?
False
Is 22760245 composite?
True
Is 1333639 a prime number?
False
Is 794963953 prime?
False
Is 326229311 a composite number?
False
Is 8494769 a composite number?
False
Is 43065259 a prime number?
False
Is 599593 a prime number?
False
Is 4882291 composite?
True
Is 4185695 a composite number?
True
Is 175263757 prime?
True
Is 2479117 a composite number?
False
Is 101050867 composite?
True
Is 258249779 prime?
True
Is 1317559 composite?
True
Is 154257339 a composite number?
True
